855595 and 5020?
1255
What is the greatest common divisor of 365241 and 19623?
633
Calculate the greatest common divisor of 1381668 and 15.
3
Calculate the greatest common factor of 896 and 1540.
28
What is the greatest common divisor of 86733 and 1863?
207
What is the greatest common factor of 2101 and 2483?
191
What is the highest common factor of 20608 and 4508?
644
Calculate the highest common divisor of 586 and 75301.
293
What is the greatest common divisor of 2423772 and 180?
36
Calculate the greatest common factor of 1420600 and 80.
40
What is the highest common divisor of 955386 and 72?
18
What is the highest common divisor of 1300752 and 135?
27
Calculate the highest common divisor of 100056 and 110.
22
What is the greatest common factor of 1008 and 7272?
72
Calculate the highest common factor of 729 and 1341.
9
Calculate the highest common factor of 44308 and 21736.
836
Calculate the greatest common divisor of 89 and 44589.
89
Calculate the greatest common factor of 81469 and 7967.
257
What is the highest common divisor of 13 and 161083?
13
What is the greatest common factor of 30654 and 1066?
26
Calculate the greatest common factor of 194883 and 11856.
741
Calculate the highest common divisor of 27209 and 676.
169
What is the highest common factor of 1260 and 2240?
140
What is the greatest common divisor of 21142 and 33?
11
Calculate the greatest common divisor of 27382 and 4.
2
What is the greatest common factor of 1050 and 97770?
30
Calculate the greatest common factor of 1320 and 5915360.
440
Calculate the greatest common factor of 219 and 281269.
73
What is the highest common factor of 789 and 1002556?
263
Calculate the greatest common factor of 156357 and 54.
27
What is the highest common factor of 60 and 936996?
12
Calculate the greatest common divisor of 7830 and 899.
29
Calculate the highest common divisor of 39 and 14937.
39
What is the greatest common factor of 144 and 6496?
16
Calculate the highest common factor of 116698 and 332.
166
Calculate the highest common factor of 208 and 128934.
26
Calculate the greatest common divisor of 21299 and 177.
59
Calculate the highest common factor of 56 and 385784.
56
Calculate the greatest common factor of 88855 and 130.
65
What is the highest common divisor of 50 and 9995?
5
Calculate the highest common divisor of 6400 and 6800.
400
What is the highest common divisor of 303201 and 571?
571
Calculate the greatest common factor of 798574 and 14.
14
Calculate the highest common factor of 26829 and 187.
11
Calculate the highest common factor of 760514 and 146.
146
What is the greatest common divisor of 1239 and 182605?
59
What is the highest common factor of 256 and 25856?
256
What is the greatest common factor of 434 and 7533?
31
Calculate the greatest common divisor of 7710 and 1290.
30
What is the greatest common factor of 85 and 213270?
5
What is the highest common factor of 505 and 78578?
101
Calculate the highest common factor of 36 and 8562.
6
Calculate the greatest common divisor of 460 and 165.
5
What is the highest common divisor of 86388 and 1242?
138
Calculate the highest common divisor of 739917 and 171.
171
Calculate the greatest common divisor of 158896 and 8.
8
What is the greatest common factor of 755236 and 20?
4
Calculate the greatest common divisor of 459 and 4467600.
153
What is the greatest common divisor of 1086210 and 324?
162
What is the greatest common divisor of 37896 and 120?
24
Calculate the greatest common factor of 129503 and 9457.
193
What is the greatest common factor of 1908 and 102?
6
Calculate the greatest common divisor of 227119 and 5930.
593
What is the greatest common factor of 2395110 and 12?
6
What is the highest common factor of 636 and 198008?
212
What is the highest common divisor of 249438 and 84?
42
Calculate the highest common divisor of 6204 and 660.
132
What is the greatest common factor of 3160 and 315368?
632
Calculate the greatest common factor of 1663832 and 186.
62
What is the greatest common divisor of 140 and 308?
28
What is the highest common divisor of 29078 and 2680?
134
Calculate the highest common divisor of 791 and 288828.
113
What is the highest common divisor of 112 and 842?
2
Calculate the highest common divisor of 140 and 31276.
28
What is the greatest common divisor of 1414 and 34946?
202
What is the greatest common divisor of 2016 and 18?
18
Calculate the highest common factor of 10450 and 3230.
190
What is the highest common divisor of 13 and 133120?
13
What is the greatest common divisor of 80303 and 524?
131
What is the highest common divisor of 1107 and 65928?
123
What is the highest common factor of 60843 and 17?
17
Calculate the greatest common factor of 48 and 1398640.
16
What is the highest common divisor of 96957 and 1008?
63
Calculate the greatest common factor of 204 and 2268.
12
Calculate the greatest common divisor of 31516 and 200.
4
Calculate the greatest common factor of 5459 and 2491.
53
Calculate the greatest common divisor of 48 and 95744.
16
What is the highest common factor of 60795 and 7720?
965
Calculate the highest common divisor of 11581 and 2191.
313
Calculate the greatest common factor of 744 and 3108928.
248
What is the highest common divisor of 1862 and 16807?
49
What is the highest common factor of 81521 and 1661?
11
What is the greatest common factor of 3615 and 20003?
241
Calculate the greatest common factor of 576 and 52552.
8
Calculate the greatest common factor of 878055 and 3.
3
Calculate the greatest common factor of 1174 and 6347818.
1174
Calculate the highest common divisor of 2150 and 30650.
50
What is the highest common factor of 5841 and 79119?
531
What is the greatest common factor of 5452 and 812?
116
What is the greatest common factor of 38868 and 79?
79
Calculate the greatest common factor of 281312 and 5251.
59
Calculate the greatest common divisor of 99176 and 27416.
184
What is the greatest common divisor of 1825525 and 3075?
1025
What is the greatest common factor of 6352 and 70666?
794
Calculate the highest common factor of 264765 and 285.
285
Calculate the highest common factor of 42 and 503517.
21
Calculate the highest common divisor of 1504 and 2209.
47
What is the highest common factor of 1568 and 1736?
56
Calculate the highest common factor of 208 and 4108.
52
What is the greatest common factor of 44 and 3707?
11
What is the highest common factor of 5070 and 1590?
30
Calculate the highest common divisor of 3990 and 13419.
21
Calculate the highest common divisor of 11013678 and 58.
58
Calculate the greatest common factor of 82 and 104714.
82
What is the highest common factor of 3757 and 689?
13
Calculate the highest common divisor of 1354639 and 26.
13
Calculate the highest common divisor of 42 and 31535.
7
What is the greatest common divisor of 116 and 1343802?
58
Calculate the greatest common divisor of 12964 and 112.
28
Calculate the greatest common divisor of 26350 and 510.
170
Calculate the highest common divisor of 1365 and 76545.
105
Calculate the highest common factor of 528 and 1169256.
264
Calculate the greatest common divisor of 107 and 64093.
107
Calculate the greatest common factor of 86897 and 66134.
769
Calculate the highest common divisor of 561 and 1749.
33
Calculate the highest common factor of 65 and 70.
5
What is the highest common factor of 7038 and 13158?
306
Calculate the highest common divisor of 181 and 151859.
181
Calculate the highest common factor of 19818 and 4752.
54
Calculate the greatest common factor of 117 and 4077.
9
What is the highest common divisor of 697 and 289?
17
Calculate the greatest common divisor of 171 and 228798.
171
Calculate the highest common divisor of 123721 and 26.
13
What is the greatest common factor of 4401 and 1242?
27
What is the highest common divisor of 108 and 194022?
54
Calculate the highest common divisor of 7956 and 11232.
468
Calculate the greatest common factor of 7112 and 12796.
28
What is the highest common factor of 12571 and 3107?
13
Calculate the greatest common factor of 18208 and 2096.
16
Calculate the highest common factor of 354 and 1153509.
177
Calculate the highest common divisor of 39 and 190821.
3
What is the highest common divisor of 24 and 15896?
8
What is the greatest common div